(r).
12
Let h be (-2)/(-8) - ((-225)/4)/(-5). Let n(v) = v**3 + 10*v**2 - 13*v - 14. Determine n(h).
8
Let f = -297 - -314. Let o(t) = t**3 - 18*t**2 + 18*t - 19. Calculate o(f).
-2
Let x(v) = v**3 - 10*v**2 + 7*v - 2. Suppose 5*y = -5*m + 30, 5*m + 4*y - 7 - 26 = 0. Give x(m).
-20
Let n(s) = 3*s - 3. Let u = 739 - 733. Calculate n(u).
15
Let a(c) = -93*c - 97*c + 191*c - 12. Calculate a(9).
-3
Suppose -3 = 23*r - 22*r. Let d(z) = 2*z + 7. Let j(o) = -o - 1. Let a(l) = -d(l) - 3*j(l). Calculate a(r).
-7
Let b(v) be the first derivative of -2*v**3/3 + 7*v**2/2 + v + 7. Let m be b(5). Let t(n) = -n - 11. Let c be t(m). Let r(d) = -3*d + 3. Determine r(c).
-6
Let p(b) = b**3 + 0 - 1 - 2*b**3 - 7*b**2 - 7*b + 1. Let x(z) = -z**3 - 6*z**2 + 9*z + 8. Let j be x(-7). Calculate p(j).
6
Suppose -22*q = -19*q - 3. Let z(j) = 5 + 2*j - 3*j**3 + 3 + q - 8. What is z(-1)?
2
Let q = 4 - 7. Let d(z) be the first derivative of -3/2*z**2 + 1/4*z**4 + z + 38 + 1/3*z**3. Calculate d(q).
-8
Let v(l) = -16*l + 153. Let r be v(9). Let f(h) = h**2 - 8*h - 5. What is f(r)?
4
Let c(y) be the first derivative of y**4/4 - 7*y**3/3 + y**2 + 18*y - 10. Determine c(6).
-6
Let k(i) = 22*i - 748. Let l be k(34). Let t(a) = -3*a - 5. Let p(x) = -2*x - 4. Let q(w) = 4*p(w) - 3*t(w). Determine q(l).
-1
Let j(u) = -249 + 128 + u + u + 123. What is j(0)?
2
Suppose 0 = -2*o - 2 - 4. Let i(c) be the first derivative of c**5/120 + c**4/6 + 13*c**3/3 - 8. Let t(b) be the third derivative of i(b). Give t(o).
1
Let i(u) be the second derivative of -u**3/2 - 27*u**2/2 + 9*u + 6. Give i(0).
-27
Let m(b) = b + 1. Suppose 0 = 2*x + 3*k + 9, 1 = x - 3*k - 8. Let f be m(x). Let o(t) be the second derivative of 5*t**4/12 + t**3/6 + 7745*t. Calculate o(f).
6
Let l(w) be the first derivative of w**3/3 + 4*w**2 + 5*w - 28. What is l(-7)?
-2
Let f(s) = -s + 1. Suppose -5*y = 35 + 535. Let m = y + 117. Give f(m).
-2
Let j(s) = -4*s**2 + s + 1. Let k be (-140)/130 + 1/13. Give j(k).
-4
Let t = 2 + 2. Let q(l) = -1. Let d(v) = -v - 1. Let k(o) = d(o) + 6*q(o). Let c(f) = -f - 7. Let g(p) = t*c(p) - 3*k(p). Give g(-5).
-2
Let m(l) = 2*l**2 - 2*l - 2. Suppose -18*i - 41 = -5. Give m(i).
10
Let r(n) = -n - 8. Let d be (12/42)/((-1)/(-7)). Suppose -d*q - 2*b - 13 = -b, -2*b - 32 = 5*q. Give r(q).
-2
Let q(j) = 0*j + 20 + 14 - 40 + 3*j - 4*j. Determine q(5).
-11
Let i = 451/34 - 166/17. Let u(w) be the first derivative of -3 + i*w**2 - 7*w + 1/3*w**3. Calculate u(-5).
-17
Let q(p) = -6*p + 1. Suppose 7*x + 19 = 5. Give q(x).
13
Let w(f) = f**2 + f - 1. Let a(q) = -3*q**2 - 9*q + 9. Let y(g) = a(g) + 4*w(g). Calculate y(4).
1
Let s(u) = -10*u - 135. Let k be s(-14). Let m(n) be the third derivative of 0*n + 0 + 5/3*n**3 + 7/24*n**4 + 7*n**2 + 1/60*n**k. Give m(-7).
10
Let c = -51 - -57. Let k(q) = -2*q + 4*q - 6 + 0*q. Give k(c).
6
Let q(k) = -k + 1. Let p = 25 + -21. Suppose m = n + p*m - 36, 5*n = 5*m + 180. Let c = 38 - n. Determine q(c).
-1
Let o(z) = z**3 - 12*z**2 + 2*z + 5. Let a be (-220)/(-18) - 154/693. Give o(a).
29
Let i(s) = -5*s**3 + 5 + 1088*s**2 - 1095*s**2 + 4*s**3 - 3*s. Calculate i(-6).
-13
Suppose 3*u + 0*c - 49 = -5*c, -3*u + 47 = 4*c. Suppose v + u = 14. Let f(l) = 8*l. What is f(v)?
8
Let m = 473 + -480. Let l(b) = -2*b - 13. Determine l(m).
1
Suppose 0 = 2*d - 7*d + 10. Let g(v) = 6*v**2. Let r be g(-1). Let z(i) = -i**2 - r*i + 5*i + 5*i**2. Give z(d).
14
Let r = 11 + -11. Let l be r - 3*6/9. Let d be (-6 + 7)*12/l. Let t(u) = 3*u + 1. Give t(d).
-17
Let n(h) = 2*h + 12. Let j be n(-4). Let s(x) = -x - 8. Let y(r) = -r - 9. Let b(u) = 6*s(u) - 5*y(u). Calculate b(j).
-7
Suppose -72 + 150 = 13*j. Let f(x) = -x**3 + 5*x**2 + 4*x + 10. What is f(j)?
-2
Let k(v) be the first derivative of v**3/3 - 4*v**2 + 12*v + 361. Give k(3).
-3
Let k(s) = s + 7. Let h = 12 + -17. Let n be k(h). Let b(r) = 4 - 7*r**2 + r**3 + 2 + 6*r - n*r. Determine b(6).
-6
Suppose 50 = -5*g + 40. Let w(a) = -a**2 - 5*a - 3. What is w(g)?
3
Let i be 8/(-24)*(-9)/1. Suppose -2 = -i*h + 4. Let x(j) = 4*j**2 - j + 7 + 7*j - 3*j**h. Give x(-5).
2
Let t(p) be the third derivative of -p**6/120 + p**5/30 + p**4/4 - p**3/6 - p**2. Suppose 0 = -2*j - 6 + 2. Let y be (-6*8/(-60))/(j/(-10)). What is t(y)?
-9
Let p = -20 + 25. Suppose -p*i = j + j - 11, 3 = 2*j - 3*i. Let x(n) be the first derivative of 2*n**2 - n + 1. What is x(j)?
11
Suppose 0 = 5*y - y - 20. Let h(k) = -22*k**2 + 42*k**2 - 19*k**2 - 6*k + 2*k - 2. Give h(y).
3
Let b = 2 + 2. Let n = 1 + b. Let k(h) = 1 - n - 4*h**2 + 7*h + 3*h**2. What is k(6)?
2
Let d(b) be the third derivative of -b**4/6 + 2*b**3/3 - 72*b**2. Give d(2).
-4
Let j(h) = h - 2 + 3 + 1. Let y be 3/(-18) - (0 + 76/(-24)). Suppose 0*f = y*f + 18. What is j(f)?
-4
Let p(z) = z**3 + 7*z**2 + 7*z. Let g be 16*(3 + (-10)/4). Suppose -g*j - 20 = -3*j. Let o = -10 - j. Calculate p(o).
-6
Let o(h) be the second derivative of -h**3/6 + 2*h**2 + h. Let z(u) = 20 - 22 + 10 - 3*u. Let k be z(4). Give o(k).
8
Suppose -5*g + 12 = -23. Let f(s) be the third derivative of -s**4/24 + s**3/6 - 3*s**2. Determine f(g).
-6
Let c be 4 - (0/(-1) + 2). Let o(h) = 5 - h**2 + h + 0*h**c + 2*h**2. Determine o(0).
5
Let q(n) be the third derivative of 5*n**2 + 0 + 0*n + 2/3*n**3 - 1/24*n**4. Determine q(3).
1
Let w(r) = -r**3 - 3*r**2 + 2*r - 5. Let z be w(-4). Let i(c) = -z*c**2 - 4 - 3*c + c + c**3 + 2. Let v(o) = -24*o - 164. Let g be v(-7). Determine i(g).
6
Let w(y) be the third derivative of -y**6/40 + y**5/60 + y**4/24 + y**3/6 + y**2 + 30*y. Give w(2).
-17
Let h = 549 - 553. Let x(g) be the third derivative of g**4/24 + 5*g**3/6 + 4*g**2. Calculate x(h).
1
Let j(v) = -v**2 - 4*v. Let d(o) = o + 2. Let u(g) = 5*d(g) + j(g). What is u(0)?
10
Let u(p) = p + 5. Let m(v) = 4*v + 19. Let x(k) = 2*m(k) - 9*u(k). Let z be -4*(-1 - 4/(-8))*-2. Give x(z).
-3
Let u(n) = -7*n**3 + 4*n**2 - 3*n + 15. Let t(y) = -9*y**3 + 3*y**2 - 2*y + 16. Let h(p) = -4*t(p) + 5*u(p). Calculate h(-9).
-7
Let g(w) = 11*w**2 - 40*w + 58. Let r(b) = -3*b**2 + 13*b - 19. Let l(y) = 2*g(y) + 7*r(y). What is l(-13)?
9
Let r(h) = -2*h**3 - h**2 + 2*h - 4*h**3 - 194 + 193. Calculate r(1).
-6
Let z be ((-8)/10)/(38/(-95)). Let h(o) = -10*o - 3 - o**3 + 6*o**z + 10*o. What is h(6)?
-3
Let n(p) = -p - 1. Let k be n(-8). Let r(g) = -5*g**2 + 6*g + 6. Let q(m) = 5*m**2 - 7*m - 7. Let w(s) = k*r(s) + 6*q(s). Give w(-1).
-5
Let z(c) = -6*c**3 - c**2 + c. Suppose -5*n - 20 = 19*i - 14*i, -2*n + 3*i + 17 = 0. Determine z(n).
-6
Let f(p) = -7*p - 12 + 19 - 4. Let k(m) = 4*m - 2. Let c(a) = -6*f(a) - 10*k(a). Determine c(-6).
-10
Suppose -i - 1 - 3 = 0. Let n = 4 + i. Let f(k) = k + 0*k**2 + 7*k**2 - 6*k**2 - 2 - 11*k**3 + 10*k**3. Calculate f(n).
-2
Let l(c) = -1. Let d(k) = 39*k + 15. Let p(o) = -d(o) + 3*l(o). Let g(y) = 10*y + 5. Let w(b) = 15*g(b) + 4*p(b). Calculate w(2).
-9
Let o(y) be the first derivative of -y**4/4 - 4*y**3/3 + 3*y**2 - 5*y + 52. Determine o(-5).
-10
Let u(z) = -13*z. Let d(c) = 4*c. Let b(j) = 14*d(j) + 4*u(j). Calculate b(-1).
-4
Let f(d) = d**3 + d**2 + 1. Let t(i) = 2*i**3 + 9*i**2 + 4*i + 4. Let y(x) = f(x) - t(x). Give y(-8).
29
Let c(q) = 14*q - 109. Let d be c(8). Let v(f) = f**3 + 3*f - 2*f**2 - 2*f**2 - 1 - f**2 + f. Calculate v(d).
-7
Suppose 3*v + 17 = r, -4*v - 5*r + 10 - 1 = 0. Let n(u) be the first derivative of 0*u - 1/4*u**4 + 4 + 3/2*u**2 - u**3. Determine n(v).
4
Let x(m) = -m - 2. Let p = 0 - 1. Let k be x(p). Let t(v) be the second derivative of 5*v**3/6 - 3*v. Give t(k).
-5
Let f(p) = -421*p + p**2 + 824*p - 1 - 409*p. Let x(a) = -a**3 + 4*a**2 - 2*a + 3. Let z be x(2). What is f(z)?
6
Let p(h) be the third derivative of h**6/120 + h**5/30 - h**4/8 + h**3 + 20*h**2 + 2*h. Calculate p(-3).
6
Let n(i) be the first derivative of -i**3/3 - 5*i**2 - 102. Determine n(-7).
21
Suppose -11*k + 6*k + 10 = 0. Let c(p) be the first derivative of -7/3*p**3 - p + 1/2*p**2 + k. What is c(1)?
-7
Let r(d) = -9 - 27*d + 14*d + 12*d. Determine r(-7).
-2
Let t(b) = b**2 - 3*b - 5. Let i be 24/9 + 2/6. Suppose i*r = 4*r - 4. Determine t(r).
-1
Let v(j) be the first derivative of -2*j + 2. Suppose p = -1 - 2. Let y(z) = -z + 1. Let n(r) = p*v(r) - 6*y(r). What is n(-1)?
-6
Suppose 3*o - 15 = -6. Let u(t) = -o - 1 + 3 - 6*t + t**2